{"id":1220,"date":"2021-02-23T18:07:35","date_gmt":"2021-02-23T18:07:35","guid":{"rendered":"https:\/\/azure-elephant-308498.hostingersite.com\/?page_id=1220"},"modified":"2026-02-09T12:09:15","modified_gmt":"2026-02-09T15:09:15","slug":"faqs","status":"publish","type":"page","link":"https:\/\/wildverydenim.com.ar\/?page_id=1220","title":{"rendered":"PREGUNTAS FRECUENTES"},"content":{"rendered":"\t\t<div data-elementor-type=\"wp-page\" data-elementor-id=\"1220\" class=\"elementor elementor-1220\" data-elementor-post-type=\"page\">\n\t\t\t\t\t\t<section class=\"elementor-section elementor-top-section elementor-element elementor-element-ab97d45 elementor-section-boxed elementor-section-height-default elementor-section-height-default\" data-id=\"ab97d45\" data-element_type=\"section\" data-e-type=\"section\">\n\t\t\t\t\t\t<div class=\"elementor-container elementor-column-gap-default\">\n\t\t\t\t\t<div class=\"elementor-column elementor-col-100 elementor-top-column elementor-element elementor-element-79ba152\" data-id=\"79ba152\" data-element_type=\"column\" data-e-type=\"column\">\n\t\t\t<div class=\"elementor-widget-wrap elementor-element-populated\">\n\t\t\t\t\t\t<div class=\"elementor-element elementor-element-0645070 elementor-widget elementor-widget-text-editor\" data-id=\"0645070\" data-element_type=\"widget\" data-e-type=\"widget\" data-widget_type=\"text-editor.default\">\n\t\t\t\t<div class=\"elementor-widget-container\">\n\t\t\t\t\t\t\t\t\t<p style=\"text-align: left;\"><strong><span style=\"font-size: 16px; color: var( --e-global-color-text ); letter-spacing: 0.8px;\">COMPRAS ONLINE<\/span><\/strong><\/p>\n<p dir=\"ltr\" style=\"text-align: left;\">\u00bfC\u00f3mo comprar en la tienda?<\/p>\n<p dir=\"ltr\" style=\"text-align: left;\">1. Seleccion\u00e1 los <b>productos <\/b>con el <b>talle <\/b>y la <b>cantidad <\/b>y a\u00f1adilos al carrito.<\/p>\n<p dir=\"ltr\" style=\"text-align: left;\">2. <b>Complet\u00e1 el monto m\u00ednimo<\/b> de compra para poder cerrar el carrito.<\/p>\n<p dir=\"ltr\" style=\"text-align: left;\">3. Complet\u00e1 los datos requeridos para poder finalizar el pedido. (<span style=\"font-size: 16px; font-style: normal; letter-spacing: 0.8px; color: var( --e-global-color-text );\"><b>*Por favor asegurate de revisar bien el N\u00famero de Contacto y Mail.<\/b><\/span><span style=\"font-size: 16px; color: var( --e-global-color-text ); letter-spacing: 0.8px;\">)<\/span><\/p>\n<p dir=\"ltr\" style=\"text-align: left;\">Una vez validado el pedido, vas a recibir un correo electr\u00f3nico con el <b>DETALLE DE TU PEDIDO<\/b>.<\/p>\n<p dir=\"ltr\" style=\"text-align: left;\">Luego nos vamos a comunicar con vos v\u00eda WhatsApp para coordinar el <em><strong>PAGO<\/strong> <\/em>y el <em><strong>ENV\u00cdO<\/strong><\/em>.<\/p>\n<p dir=\"ltr\" style=\"text-align: left;\">Luego de que te confirmemos que tu pedido esta completo, <strong>listo para despachar\/retirar, tenes 3 d\u00edas para abonar.<\/strong><\/p>\n<p dir=\"ltr\" style=\"text-align: left;\">*Los pedidos que no sean abonados dentro del plazo van a ser cancelados a menos que nos avises previamente por WhatsApp.<\/p>\n<p dir=\"ltr\" style=\"text-align: left;\">Si seleccionaste <strong>Retiro y Pago en el Local<\/strong>, te vamos a asesorar con los plazos de vencimiento por WhatsApp.<\/p>\n<p dir=\"ltr\" style=\"text-align: left;\"><b>COMPRAS\/RETIRO POR EL LOCAL<\/b><\/p>\n<p dir=\"ltr\" style=\"text-align: left;\"><b>El m\u00ednimo de compra en nuestro local es de 10 PRENDAS, abonando en Efectivo.<\/b><\/p>\n<p dir=\"ltr\" style=\"text-align: left;\">Si hiciste un pedido por la p\u00e1gina <b>podes pasar a retirarlo con previa confirmaci\u00f3n del stock.<\/b><\/p>\n<p dir=\"ltr\" style=\"text-align: left;\">Nuestros horarios de atenci\u00f3n al p\u00fablico son:<\/p>\n<p dir=\"ltr\" style=\"text-align: left;\">\u00b7 Lunes a Viernes de 8 a 16hs.<\/p>\n<p dir=\"ltr\" style=\"text-align: left;\">\u00b7 S\u00e1bados de 8 a 13hrs.&nbsp;<\/p>\n<p dir=\"ltr\" style=\"text-align: left;\">\u00b7 Domingos y Feriados cerrado.<\/p>\n<p dir=\"ltr\" style=\"text-align: left;\"><b>MEDIOS DE PAGO<\/b><\/p>\n<p dir=\"ltr\" style=\"text-align: left;\"><b>&#8211; Transferencia Bancaria<\/b><\/p>\n<p dir=\"ltr\" style=\"text-align: left;\">Desde tu cuenta por homebanking o cajero autom\u00e1tico hacia nuestra cuenta.<\/p>\n<p dir=\"ltr\" style=\"text-align: left;\"><b>&#8211; Dep\u00f3sito Bancario<\/b><\/p>\n<p dir=\"ltr\" style=\"text-align: left;\">Dep\u00f3sito en efectivo a trav\u00e9s de un cajero o ventanilla a nuestra cuenta.<\/p>\n<p dir=\"ltr\" style=\"text-align: left;\"><b>&#8211; MercadoPago<\/b><\/p>\n<p dir=\"ltr\" style=\"text-align: left;\">Podes abonar sin recargos con Enviar dinero de Mercado Pago en un pago.<\/p>\n<p dir=\"ltr\" style=\"text-align: left;\"><b>&#8211; Efectivo<\/b><\/p>\n<p dir=\"ltr\" style=\"text-align: left;\">Este m\u00e9todo aplica \u00fanicamente para compras con Retiros en el Local.<\/p>\n<p dir=\"ltr\" style=\"text-align: left;\"><b>ENV\u00cdOS&nbsp;<\/b><b style=\"font-style: inherit; letter-spacing: 0.8px;\">a TODO el Pa\u00eds<\/b><\/p>\n<p dir=\"ltr\" style=\"text-align: left;\">&#8211; <b>Correo Argentino a Sucursal o Domicilio<\/b>&nbsp;(el paquete llegar\u00eda de 3 a 7 d\u00edas h\u00e1biles aprox.)<\/p>\n<p dir=\"ltr\" style=\"text-align: left;\">Enviamos tu pedido a Domicilio o a la Sucursal m\u00e1s cercana en tu localidad. Te enviamos el N\u00famero de Seguimiento por WhatsApp ni bien nos la pase la empresa y lo podes retirar con tu DNI y N\u00famero de Seguimiento.<\/p>\n<p dir=\"ltr\" style=\"text-align: left;\">&#8211; <b>Transportes y Expresos<\/b><\/p>\n<p dir=\"ltr\" style=\"text-align: left;\">Entrega por la Empresa de Log\u00edstica seleccionada por el cliente.<\/p>\n<p dir=\"ltr\" style=\"text-align: left;\">*No incluye costo de env\u00edo. Lo abon\u00e1s cuando te llega la encomienda.<\/p>\n<p dir=\"ltr\" style=\"text-align: left;\">&#8211; <b>Moto (Dentro de CABA)<\/b><\/p>\n<p dir=\"ltr\" style=\"text-align: left;\"><b>&#8211; Retiro en tienda por tu comisionista<\/b><\/p>\n<p dir=\"ltr\" style=\"text-align: left;\"><b>\u00bfCu\u00e1nto demoran en despacharme el pedido?<\/b><\/p>\n<p dir=\"ltr\" style=\"text-align: left;\">Se despacha el mismo d\u00eda si el pago se hace y se corrobora la acreditaci\u00f3n del mismo antes de las 12am. Sino, al d\u00eda siguiente.<\/p>\n<p dir=\"ltr\" style=\"text-align: left;\">*Los pagos pueden demorar en acreditarse.<\/p>\n<p dir=\"ltr\" style=\"text-align: left;\"><b>N\u00famero o Gu\u00eda de Seguimiento de los Env\u00edos<\/b><\/p>\n<p dir=\"ltr\" style=\"text-align: left;\">&#8211; GUIA DE SEGUIMIENTO: Te vamos a estar enviando la gu\u00eda ni bien nos la carguen al sistema (Puede demorar entre 24 a 48 horas aprox. en cargarlas desde que despachamos el paquete).<\/p>\n<p dir=\"ltr\" style=\"text-align: left;\"><b>Tiempo de demora en los env\u00edos por Correo Argentino y Transporte \/ Expreso.<\/b><\/p>\n<p dir=\"ltr\" style=\"text-align: left;\">Cada empresa de log\u00edstica maneja sus propios tiempos de entrega. (No son responsabilidad de WILDVERY DENIM ya que el cliente mismo elige el medio de env\u00edo).&nbsp;<\/p>\n<p dir=\"ltr\" style=\"text-align: left;\">En casos normales las encomiendas demoran aproximadamente de 7 a 14 d\u00edas h\u00e1biles en llegar.<\/p>\n<p dir=\"ltr\" style=\"text-align: left;\">*Si la encomienda demora m\u00e1s de lo normal, el cliente debe hacer el reclamo a la empresa que seleccion\u00f3 con el respectivo n\u00famero de gu\u00eda.<\/p>\n<p dir=\"ltr\" style=\"text-align: left;\"><b>CAMBIOS<\/b><\/p>\n<p dir=\"ltr\" style=\"text-align: left;\">Los cambios son <b>\u00fanicamente por talle<\/b>, por el mismo modelo,&nbsp;<span style=\"font-size: 16px; font-style: normal; font-weight: 400; letter-spacing: 0.8px; color: var( --e-global-color-text );\">seg\u00fan disponibilidad <\/span><span style=\"font-size: 16px; color: var( --e-global-color-text ); letter-spacing: 0.8px;\">en el local, dentro del plazo de 7 d\u00edas luego de haber hecho la compra.<\/span><\/p>\n<p dir=\"ltr\" style=\"text-align: left;\">Si te lleg\u00f3 una prenda fallada envianos un mensaje por WhatsApp&nbsp;<span style=\"font-size: 16px; color: var( --e-global-color-text ); letter-spacing: 0.8px;\">con la foto de la prenda para que podamos corroborar y solucionar el asunto lo m\u00e1s pronto posible.<\/span><\/p>\n<p dir=\"ltr\" style=\"text-align: left;\"><b>*Las prendas blancas no tienen cambio, sin excepci\u00f3n.<\/b><\/p>\n<p dir=\"ltr\" style=\"text-align: left;\"><b>&nbsp;<\/b><\/p>\n<p dir=\"ltr\" style=\"text-align: left;\"><b>RECLAMOS<\/b><\/p>\n<p dir=\"ltr\" style=\"text-align: left;\"><b>Si la encomienda es devuelta a nuestro local.<\/b><\/p>\n<p dir=\"ltr\" style=\"text-align: left;\">Los motivos pueden ser los siguientes:&nbsp;<span style=\"font-size: 16px; color: var( --e-global-color-text ); letter-spacing: 0.8px;\">Datos de env\u00edo incorrectos \/\/ Plazo de retiro en sucursal vencido \/\/ No hab\u00eda nadie en el domicilio.<\/span><\/p>\n<p dir=\"ltr\" style=\"text-align: left;\">Si la encomienda fue devuelta por alguno de \u00e9stos motivos, el cliente deber\u00e1 esperar a que la misma sea devuelta a nuestro local y gestionar el re-env\u00edo.<\/p>\n<p dir=\"ltr\" style=\"text-align: left;\">*En ning\u00fan caso se reintegrar\u00e1 la compra ya que la responsabilidad de \u00e9stos motivos son del cliente en su totalidad.<\/p>\n<p dir=\"ltr\" style=\"text-align: left;\">*No nos haremos cargo del costo de re-env\u00edo salvo que el error se haya generado por nosotros al despachar la compra.<\/p>\n<p dir=\"ltr\" style=\"text-align: left;\"><b>Si tu pedido lleg\u00f3 con faltantes.<\/b><\/p>\n<p dir=\"ltr\" style=\"text-align: left;\">Controlamos reiteradas veces con c\u00e1mara de seguridad la cantidad de prendas antes de embalar la misma, te pedimos que revises detalladamente la bolsa por si fue manipulada previo a la entrega.<\/p>\n<p dir=\"ltr\" style=\"text-align: left;\">Si \u00e9ste no es el caso mandanos un WhatsApp con el n\u00famero de pedido y el debido reclamo.<\/p>\n<p dir=\"ltr\" style=\"text-align: left;\"><b>Si tu pedido es secuestrado o extraviado.<\/b><\/p>\n<p dir=\"ltr\" style=\"text-align: left;\">WILDVERY DENIM s\u00f3lo ofrece m\u00e9todos de env\u00edo a trav\u00e9s de terceros que no tienen relaci\u00f3n alguna con la empresa.<\/p>\n<p dir=\"ltr\" style=\"text-align: left;\">No nos hacemos responsables por agentes externos que puedan ocurrir durante el camino ya que las encomiendas no van aseguradas.<\/p>\n<p dir=\"ltr\" style=\"text-align: left;\">El cliente mismo selecciona la empresa de log\u00edstica con la que decide recibir la compra y el monto a declarar, por ende el reclamo lo debe realizar a la misma empresa.<\/p>\t\t\t\t\t\t\t\t<\/div>\n\t\t\t\t<\/div>\n\t\t\t\t\t<\/div>\n\t\t<\/div>\n\t\t\t\t\t<\/div>\n\t\t<\/section>\n\t\t\t\t<section class=\"elementor-section elementor-top-section elementor-element elementor-element-1688424 elementor-section-boxed elementor-section-height-default elementor-section-height-default\" data-id=\"1688424\" data-element_type=\"section\" data-e-type=\"section\">\n\t\t\t\t\t\t<div class=\"elementor-container elementor-column-gap-default\">\n\t\t\t\t\t<div class=\"elementor-column elementor-col-100 elementor-top-column elementor-element elementor-element-84717f2\" data-id=\"84717f2\" data-element_type=\"column\" data-e-type=\"column\">\n\t\t\t<div class=\"elementor-widget-wrap elementor-element-populated\">\n\t\t\t\t\t\t<div class=\"elementor-element elementor-element-11b703c elementor-widget elementor-widget-google_maps\" data-id=\"11b703c\" data-element_type=\"widget\" data-e-type=\"widget\" data-widget_type=\"google_maps.default\">\n\t\t\t\t<div class=\"elementor-widget-container\">\n\t\t\t\t\t\t\t<div class=\"elementor-custom-embed\">\n\t\t\t<iframe loading=\"lazy\"\n\t\t\t\t\tsrc=\"https:\/\/maps.google.com\/maps?q=WILDVERY%20DENIM&#038;t=m&#038;z=18&#038;output=embed&#038;iwloc=near\"\n\t\t\t\t\ttitle=\"WILDVERY DENIM\"\n\t\t\t\t\taria-label=\"WILDVERY DENIM\"\n\t\t\t><\/iframe>\n\t\t<\/div>\n\t\t\t\t\t\t<\/div>\n\t\t\t\t<\/div>\n\t\t\t\t\t<\/div>\n\t\t<\/div>\n\t\t\t\t\t<\/div>\n\t\t<\/section>\n\t\t\t\t<section class=\"elementor-section elementor-top-section elementor-element elementor-element-10310bd elementor-section-boxed elementor-section-height-default elementor-section-height-default\" data-id=\"10310bd\" data-element_type=\"section\" data-e-type=\"section\">\n\t\t\t\t\t\t<div class=\"elementor-container elementor-column-gap-default\">\n\t\t\t\t\t<div class=\"elementor-column elementor-col-100 elementor-top-column elementor-element elementor-element-12e365e\" data-id=\"12e365e\" data-element_type=\"column\" data-e-type=\"column\">\n\t\t\t<div class=\"elementor-widget-wrap elementor-element-populated\">\n\t\t\t\t\t\t<div class=\"elementor-element elementor-element-263b93b elementor-pagination-type-bullets elementor-arrows-position-inside elementor-pagination-position-outside elementor-widget elementor-widget-loop-carousel\" data-id=\"263b93b\" data-element_type=\"widget\" data-e-type=\"widget\" data-settings=\"{&quot;template_id&quot;:14269,&quot;_skin&quot;:&quot;post&quot;,&quot;slides_to_show&quot;:&quot;3&quot;,&quot;slides_to_show_tablet&quot;:&quot;2&quot;,&quot;slides_to_show_mobile&quot;:&quot;1&quot;,&quot;slides_to_scroll&quot;:&quot;1&quot;,&quot;edit_handle_selector&quot;:&quot;.elementor-loop-container&quot;,&quot;autoplay&quot;:&quot;yes&quot;,&quot;autoplay_speed&quot;:5000,&quot;pause_on_hover&quot;:&quot;yes&quot;,&quot;pause_on_interaction&quot;:&quot;yes&quot;,&quot;infinite&quot;:&quot;yes&quot;,&quot;speed&quot;:500,&quot;offset_sides&quot;:&quot;none&quot;,&quot;arrows&quot;:&quot;yes&quot;,&quot;pagination&quot;:&quot;bullets&quot;,&quot;image_spacing_custom&quot;:{&quot;unit&quot;:&quot;px&quot;,&quot;size&quot;:10,&quot;sizes&quot;:[]},&quot;image_spacing_custom_tablet&quot;:{&quot;unit&quot;:&quot;px&quot;,&quot;size&quot;:&quot;&quot;,&quot;sizes&quot;:[]},&quot;image_spacing_custom_mobile&quot;:{&quot;unit&quot;:&quot;px&quot;,&quot;size&quot;:&quot;&quot;,&quot;sizes&quot;:[]}}\" data-widget_type=\"loop-carousel.post\">\n\t\t\t\t<div class=\"elementor-widget-container\">\n\t\t\t\t\t\t\t<div class=\"e-loop-nothing-found-message\">\n\t\t<\/div>\n\t\t\t\t\t\t<\/div>\n\t\t\t\t<\/div>\n\t\t\t\t\t<\/div>\n\t\t<\/div>\n\t\t\t\t\t<\/div>\n\t\t<\/section>\n\t\t\t\t<\/div>\n\t\t","protected":false},"excerpt":{"rendered":"<p>COMPRAS ONLINE \u00bfC\u00f3mo comprar en la tienda? 1. Seleccion\u00e1 los productos con el talle y la cantidad y a\u00f1adilos al carrito. 2. Complet\u00e1 el monto m\u00ednimo de compra para poder cerrar el carrito. 3. Complet\u00e1 los datos requeridos para poder finalizar el pedido. (*Por favor asegurate de revisar bien el N\u00famero de Contacto y Mail.) [&#8230;]\n","protected":false},"author":1,"featured_media":0,"parent":0,"menu_order":0,"comment_status":"closed","ping_status":"closed","template":"","meta":{"footnotes":""},"class_list":["post-1220","page","type-page","status-publish","hentry"],"yoast_head":"<!-- This site is optimized with the Yoast SEO plugin v27.3 - https:\/\/yoast.com\/product\/yoast-seo-wordpress\/ -->\n<title>PREGUNTAS FRECUENTES - WILDVERY DENIM<\/title>\n<meta name=\"robots\" content=\"index, follow, max-snippet:-1, max-image-preview:large, max-video-preview:-1\" \/>\n<link rel=\"canonical\" href=\"https:\/\/wildverydenim.com.ar\/?page_id=1220\" \/>\n<meta property=\"og:locale\" content=\"es_ES\" \/>\n<meta property=\"og:type\" content=\"article\" \/>\n<meta property=\"og:title\" content=\"PREGUNTAS FRECUENTES - WILDVERY DENIM\" \/>\n<meta property=\"og:description\" content=\"COMPRAS ONLINE \u00bfC\u00f3mo comprar en la tienda? 1. Seleccion\u00e1 los productos con el talle y la cantidad y a\u00f1adilos al carrito. 2. Complet\u00e1 el monto m\u00ednimo de compra para poder cerrar el carrito. 3. Complet\u00e1 los datos requeridos para poder finalizar el pedido. (*Por favor asegurate de revisar bien el N\u00famero de Contacto y Mail.) [...]\" \/>\n<meta property=\"og:url\" content=\"https:\/\/wildverydenim.com.ar\/?page_id=1220\" \/>\n<meta property=\"og:site_name\" content=\"WILDVERY DENIM\" \/>\n<meta property=\"article:modified_time\" content=\"2026-02-09T15:09:15+00:00\" \/>\n<meta name=\"twitter:card\" content=\"summary_large_image\" \/>\n<meta name=\"twitter:label1\" content=\"Tiempo de lectura\" \/>\n\t<meta name=\"twitter:data1\" content=\"4 minutos\" \/>\n<script type=\"application\/ld+json\" class=\"yoast-schema-graph\">{\"@context\":\"https:\\\/\\\/schema.org\",\"@graph\":[{\"@type\":\"WebPage\",\"@id\":\"https:\\\/\\\/wildverydenim.com.ar\\\/?page_id=1220\",\"url\":\"https:\\\/\\\/wildverydenim.com.ar\\\/?page_id=1220\",\"name\":\"PREGUNTAS FRECUENTES - WILDVERY DENIM\",\"isPartOf\":{\"@id\":\"https:\\\/\\\/wildverydenim.com.ar\\\/#website\"},\"datePublished\":\"2021-02-23T18:07:35+00:00\",\"dateModified\":\"2026-02-09T15:09:15+00:00\",\"breadcrumb\":{\"@id\":\"https:\\\/\\\/wildverydenim.com.ar\\\/?page_id=1220#breadcrumb\"},\"inLanguage\":\"es\",\"potentialAction\":[{\"@type\":\"ReadAction\",\"target\":[\"https:\\\/\\\/wildverydenim.com.ar\\\/?page_id=1220\"]}]},{\"@type\":\"BreadcrumbList\",\"@id\":\"https:\\\/\\\/wildverydenim.com.ar\\\/?page_id=1220#breadcrumb\",\"itemListElement\":[{\"@type\":\"ListItem\",\"position\":1,\"name\":\"Portada\",\"item\":\"https:\\\/\\\/wildverydenim.com.ar\\\/\"},{\"@type\":\"ListItem\",\"position\":2,\"name\":\"PREGUNTAS FRECUENTES\"}]},{\"@type\":\"WebSite\",\"@id\":\"https:\\\/\\\/wildverydenim.com.ar\\\/#website\",\"url\":\"https:\\\/\\\/wildverydenim.com.ar\\\/\",\"name\":\"WILDVERY DENIM\",\"description\":\"\",\"publisher\":{\"@id\":\"https:\\\/\\\/wildverydenim.com.ar\\\/#organization\"},\"potentialAction\":[{\"@type\":\"SearchAction\",\"target\":{\"@type\":\"EntryPoint\",\"urlTemplate\":\"https:\\\/\\\/wildverydenim.com.ar\\\/?s={search_term_string}\"},\"query-input\":{\"@type\":\"PropertyValueSpecification\",\"valueRequired\":true,\"valueName\":\"search_term_string\"}}],\"inLanguage\":\"es\"},{\"@type\":\"Organization\",\"@id\":\"https:\\\/\\\/wildverydenim.com.ar\\\/#organization\",\"name\":\"WILDVERY DENIM\",\"url\":\"https:\\\/\\\/wildverydenim.com.ar\\\/\",\"logo\":{\"@type\":\"ImageObject\",\"inLanguage\":\"es\",\"@id\":\"https:\\\/\\\/wildverydenim.com.ar\\\/#\\\/schema\\\/logo\\\/image\\\/\",\"url\":\"https:\\\/\\\/wildverydenim.com.ar\\\/wp-content\\\/uploads\\\/2023\\\/05\\\/cropped-WhatsApp-Image-2023-05-30-at-13.08.36.jpeg\",\"contentUrl\":\"https:\\\/\\\/wildverydenim.com.ar\\\/wp-content\\\/uploads\\\/2023\\\/05\\\/cropped-WhatsApp-Image-2023-05-30-at-13.08.36.jpeg\",\"width\":477,\"height\":179,\"caption\":\"WILDVERY DENIM\"},\"image\":{\"@id\":\"https:\\\/\\\/wildverydenim.com.ar\\\/#\\\/schema\\\/logo\\\/image\\\/\"}}]}<\/script>\n<!-- \/ Yoast SEO plugin. -->","yoast_head_json":{"title":"PREGUNTAS FRECUENTES - WILDVERY DENIM","robots":{"index":"index","follow":"follow","max-snippet":"max-snippet:-1","max-image-preview":"max-image-preview:large","max-video-preview":"max-video-preview:-1"},"canonical":"https:\/\/wildverydenim.com.ar\/?page_id=1220","og_locale":"es_ES","og_type":"article","og_title":"PREGUNTAS FRECUENTES - WILDVERY DENIM","og_description":"COMPRAS ONLINE \u00bfC\u00f3mo comprar en la tienda? 1. Seleccion\u00e1 los productos con el talle y la cantidad y a\u00f1adilos al carrito. 2. Complet\u00e1 el monto m\u00ednimo de compra para poder cerrar el carrito. 3. Complet\u00e1 los datos requeridos para poder finalizar el pedido. (*Por favor asegurate de revisar bien el N\u00famero de Contacto y Mail.) [...]","og_url":"https:\/\/wildverydenim.com.ar\/?page_id=1220","og_site_name":"WILDVERY DENIM","article_modified_time":"2026-02-09T15:09:15+00:00","twitter_card":"summary_large_image","twitter_misc":{"Tiempo de lectura":"4 minutos"},"schema":{"@context":"https:\/\/schema.org","@graph":[{"@type":"WebPage","@id":"https:\/\/wildverydenim.com.ar\/?page_id=1220","url":"https:\/\/wildverydenim.com.ar\/?page_id=1220","name":"PREGUNTAS FRECUENTES - WILDVERY DENIM","isPartOf":{"@id":"https:\/\/wildverydenim.com.ar\/#website"},"datePublished":"2021-02-23T18:07:35+00:00","dateModified":"2026-02-09T15:09:15+00:00","breadcrumb":{"@id":"https:\/\/wildverydenim.com.ar\/?page_id=1220#breadcrumb"},"inLanguage":"es","potentialAction":[{"@type":"ReadAction","target":["https:\/\/wildverydenim.com.ar\/?page_id=1220"]}]},{"@type":"BreadcrumbList","@id":"https:\/\/wildverydenim.com.ar\/?page_id=1220#breadcrumb","itemListElement":[{"@type":"ListItem","position":1,"name":"Portada","item":"https:\/\/wildverydenim.com.ar\/"},{"@type":"ListItem","position":2,"name":"PREGUNTAS FRECUENTES"}]},{"@type":"WebSite","@id":"https:\/\/wildverydenim.com.ar\/#website","url":"https:\/\/wildverydenim.com.ar\/","name":"WILDVERY DENIM","description":"","publisher":{"@id":"https:\/\/wildverydenim.com.ar\/#organization"},"potentialAction":[{"@type":"SearchAction","target":{"@type":"EntryPoint","urlTemplate":"https:\/\/wildverydenim.com.ar\/?s={search_term_string}"},"query-input":{"@type":"PropertyValueSpecification","valueRequired":true,"valueName":"search_term_string"}}],"inLanguage":"es"},{"@type":"Organization","@id":"https:\/\/wildverydenim.com.ar\/#organization","name":"WILDVERY DENIM","url":"https:\/\/wildverydenim.com.ar\/","logo":{"@type":"ImageObject","inLanguage":"es","@id":"https:\/\/wildverydenim.com.ar\/#\/schema\/logo\/image\/","url":"https:\/\/wildverydenim.com.ar\/wp-content\/uploads\/2023\/05\/cropped-WhatsApp-Image-2023-05-30-at-13.08.36.jpeg","contentUrl":"https:\/\/wildverydenim.com.ar\/wp-content\/uploads\/2023\/05\/cropped-WhatsApp-Image-2023-05-30-at-13.08.36.jpeg","width":477,"height":179,"caption":"WILDVERY DENIM"},"image":{"@id":"https:\/\/wildverydenim.com.ar\/#\/schema\/logo\/image\/"}}]}},"_links":{"self":[{"href":"https:\/\/wildverydenim.com.ar\/index.php?rest_route=\/wp\/v2\/pages\/1220","targetHints":{"allow":["GET"]}}],"collection":[{"href":"https:\/\/wildverydenim.com.ar\/index.php?rest_route=\/wp\/v2\/pages"}],"about":[{"href":"https:\/\/wildverydenim.com.ar\/index.php?rest_route=\/wp\/v2\/types\/page"}],"author":[{"embeddable":true,"href":"https:\/\/wildverydenim.com.ar\/index.php?rest_route=\/wp\/v2\/users\/1"}],"replies":[{"embeddable":true,"href":"https:\/\/wildverydenim.com.ar\/index.php?rest_route=%2Fwp%2Fv2%2Fcomments&post=1220"}],"version-history":[{"count":45,"href":"https:\/\/wildverydenim.com.ar\/index.php?rest_route=\/wp\/v2\/pages\/1220\/revisions"}],"predecessor-version":[{"id":30170,"href":"https:\/\/wildverydenim.com.ar\/index.php?rest_route=\/wp\/v2\/pages\/1220\/revisions\/30170"}],"wp:attachment":[{"href":"https:\/\/wildverydenim.com.ar\/index.php?rest_route=%2Fwp%2Fv2%2Fmedia&parent=1220"}],"curies":[{"name":"wp","href":"https:\/\/api.w.org\/{rel}","templated":true}]}}